 = -9*v - 51. Give u(-7).
12
Let n(g) = 24*g - 448. Calculate n(21).
56
Let c(l) = -3*l**2 + 11*l - 14. Determine c(6).
-56
Let f(v) = -155*v + 59. Give f(6).
-871
Let h(y) = 3*y**2 - 4*y - 221. Give h(17).
578
Let n(t) = 52*t**2 - 673*t - 40. Determine n(13).
-1
Let w(h) = -h**2 - 55*h - 781. What is w(-32)?
-45
Let u(d) = -3*d**2 + 195*d - 2244. Determine u(15).
6
Let r(g) = -g + 45. What is r(-29)?
74
Let u(h) = 6*h**3 + 6*h**2 + h + 27. What is u(-4)?
-265
Let w(t) = 274*t + 2464. What is w(-9)?
-2
Let q(s) = -2*s**2 + 482*s + 1443. Calculate q(-3).
-21
Let h(f) = -2*f**3 + 4*f**2 + 13*f + 7. Give h(7).
-392
Let b(w) = w + 18. What is b(7)?
25
Let i(n) = 2*n**2 + 39*n - 2741. Calculate i(-48).
-5
Let h(s) = s**3 + 8*s**2 - 13*s - 149. Give h(-7).
-9
Let l(z) = -z**3 - 17*z**2 - 30*z - 260. Calculate l(-16).
-36
Let s(p) = p**3 + 58*p**2 - 125*p - 300. What is s(-60)?
0
Let y(q) = q**2 + 88*q - 553. Determine y(6).
11
Let i(x) = -31*x**2 + 837*x + 3. Give i(27).
3
Let z(f) = -130*f - 11567. Calculate z(-89).
3
Let l(m) = 7*m - 395. What is l(54)?
-17
Let o(g) = -3*g**2 + 46*g + 708. Calculate o(-10).
-52
Let k(v) = -18*v - 38. Calculate k(-2).
-2
Let h(u) = -u**3 + 228*u**2 - 224*u - 655. Give h(227).
26
Let s(n) = 171*n**2 - 20*n. Calculate s(1).
151
Let n(q) = -q**3 - 16*q**2 + 7*q + 112. Give n(-16).
0
Let x(i) = 3*i**2 - 16*i + 14. What is x(1)?
1
Let r(v) = -v**2 + 3*v + 738. Give r(29).
-16
Let o(c) = 154*c + 3185. Calculate o(-21).
-49
Let t(u) = 5*u**2 - 169*u + 110. Calculate t(33).
-22
Let q(h) = 2*h**3 + 20*h**2 - 32*h - 140. Give q(-11).
-30
Let g(v) = -v**2 + 10176*v - 50858. Give g(5).
-3
Let w(d) = 9*d**3 - 2*d**2 + 5*d - 5. Calculate w(1).
7
Let c(d) = -d**3 + 21*d**2 - 15*d + 269. Calculate c(21).
-46
Let o(q) = -74*q + 3026. Give o(40).
66
Let g(w) = 17*w**2 - 101*w + 13. Give g(6).
19
Let r(v) = 13*v + 92. What is r(-7)?
1
Let f(i) = 13*i**2 + 33*i - 9. Determine f(2).
109
Let i(t) = -t**3 + 29*t**2 - 123*t + 70. Calculate i(24).
-2
Let y(w) = 27*w**2 - 76*w - 13. What is y(3)?
2
Let v(y) = 10*y**2 - 572*y + 3165. Determine v(51).
3
Let r(c) = 2*c**3 + 41*c**2 + 55*c - 23. Calculate r(-19).
15
Let j(z) = z**3 - 10*z**2 - 285*z - 1125. Calculate j(-8).
3
Let o(h) = 108*h**2 - 626*h - 4. What is o(5)?
-434
Let z(h) = -h**2 + 27*h + 280. Give z(-10).
-90
Let r(a) = -a - 32. Give r(20).
-52
Let z(t) = t**3 + 73*t**2 - 143*t + 531. What is z(-75)?
6
Let n(q) = -124*q**2 - 612*q + 47. Calculate n(-5).
7
Let g(c) = 42*c**2 + 201*c + 17. Determine g(-5).
62
Let t(d) = -76*d**2 + 4866*d - 121. Calculate t(64).
7
Let z(y) = y**2 + 17*y - 58. Determine z(6).
80
Let m(r) = 10*r**2 + 89*r + 380. What is m(-4)?
184
Let c(o) = -78*o**2 + 9*o + 14. What is c(-2)?
-316
Let l(c) = c**3 - 130*c**2 - 821*c - 21. What is l(-6)?
9
Let g(b) = -2*b**2 + 247*b + 4319. Give g(139).
10
Let l(o) = o**2 - 45*o + 782. Calculate l(45).
782
Let p(s) = -s**2 - 31*s - 218. Give p(-20).
2
Let u(z) = -11*z + 271. What is u(30)?
-59
Let d(n) = -n**2 + 25*n + 92. Give d(28).
8
Let t(i) = i**3 - 142*i**2 + 2339*i - 246. Calculate t(123).
0
Let x(j) = 7*j**2 - 179*j + 105. Calculate x(24).
-159
Let a(k) = -51*k**2 - 2399*k - 112. Determine a(-47).
-18
Let b(h) = 123*h - 343. Calculate b(5).
272
Let x(m) = 12*m**2 - 577*m - 1150. Give x(50).
0
Let c(w) = -5*w - 132. Calculate c(-41).
73
Let n(j) = 11*j**2 - 10*j + 12. Determine n(-5).
337
Let m(d) = -d**2 + 219*d + 2575. Give m(-11).
45
Let l(d) = -12*d**2 + 101*d - 336. Calculate l(4).
-124
Let k(w) = -32*w + 388. Determine k(10).
68
Let f(y) = -3*y**2 + y + 12. Give f(-2).
-2
Let p(l) = -424*l - 3816. Give p(-9).
0
Let v(h) = 2*h**3 + 40*h**2 - 860*h - 58. Calculate v(-33).
8
Let m(b) = 3*b**2 + 3069*b - 6139. Calculate m(2).
11
Let h(p) = -147*p + 779. Calculate h(7).
-250
Let p(n) = 857*n - 4329. Calculate p(5).
-44
Let t(z) = 54*z + 246. Determine t(-6).
-78
Let c(u) = -5*u**2 - 157*u + 4668. Give c(-50).
18
Let i(l) = -l**3 - 19*l**2 - 39*l - 94. Calculate i(-17).
-9
Let g(q) = 38*q + 1163. Give g(-29).
61
Let d(x) = x**2 + 15*x - 149. Give d(-22).
5
Let l(i) = -20*i**2 + 59*i + 9. Calculate l(3).
6
Let h(r) = 25*r**2 + 25*r - 85. Determine h(3).
215
Let p(j) = -3*j**3 + 42*j**2 + 13*j + 54. Determine p(14).
236
Let q(x) = -12*x**3 - 158*x**2 - 21*x + 65. Calculate q(-13).
0
Let s(x) = 138*x + 761. What is s(-5)?
71
Let j(w) = -15*w**2 + 1996*w - 3991. Give j(2).
-59
Let p(l) = l**3 - 5*l**2 - 95*l + 107. Calculate p(12).
-25
Let o(w) = -w**3 + 6*w**2 - 19*w - 4. Determine o(8).
-284
Let o(c) = 2*c**2 + 2*c - 1203. Determine o(24).
-3
Let y(d) = -5*d**2 - 145*d - 971. Calculate y(-7).
-201
Let y(b) = b**3 - 25*b**2 + 61*b + 62. What is y(4)?
-30
Let u(h) = -2*h**3 - 22*h**2 + 48*h + 446. Determine u(-9).
-310
Let p(n) = n**3 - 10*n**2 + 47*n - 729. Calculate p(13).
389
Let w(k) = -5*k**2 + 129*k - 688. What is w(18)?
14
Let i(h) = -h**3 + 8*h**2 + 20*h - 153. Calculate i(8).
7
Let z(q) = -q**2 - 128*q - 1837. What is z(-16)?
-45
Let i(v) = v**3 + 6*v**2 - 91*v - 379. What is i(-4)?
17
Let d(g) = -g**3 + 26*g**2 - 6*g + 200. Determine d(26).
44
Let l(b) = -6*b**3 + 61*b**2 - 16*b + 54. Give l(10).
-6
Let a(l) = -10*l**2 - 52*l - 171. Give a(-7).
-297
Let x(s) = 2*s**2 + 10*s - 764. Calculate x(17).
-16
Let c(s) = -218*s - 633. Give c(-2).
-197
Let z(i) = -189*i - 9075. Determine z(-48).
-3
Let b(q) = -q**3 - 2*q**2 + 91*q - 280. Determine b(4).
-12
Let w(t) = -13*t - 365. Determine w(-17).
-144
Let p(k) = -32*k**2 - 902*k - 150. Calculate p(-28).
18
Let k(f) = 1024*f - 79880. Determine k(78).
-8
Let n(y) = -y**3 - 4*y**2 + 39*y + 39. Determine n(-8).
-17
Let r(z) = 2*z**2 + 866*z + 25669. Give r(-32).
5
Let l(m) = 396*m - 3570. Calculate l(9).
-6
Let i(d) = -8*d + 106. Determine i(9).
34
Let r(j) = 2*j - 307. Determine r(51).
-205
Let z(w) = -57*w**2 + 207*w + 4. Calculate z(3).
112
Let k(r) = -r**3 + 15*r**2 - 43*r + 7. Determine k(11).
18
Let c(b) = -9*b**2 - 46*b + 22. Calculate c(-9).
-293
Let z(g) = -g**3 + 19*g**2 + 6*g - 37. Calculate z(19).
77
Let d(n) = n**2 + 53*n + 28. Give d(-51).
-74
Let l(y) = -494*y + 3863. Give l(8).
-89
Let n(h) = 197*h + 1571. Calculate n(-8).
-5
Let a(y) = 21645*y - 281390. What is a(13)?
-5
Let z(o) = -548*o - 37802. Calculate z(-69).
10
Let a(k) = 158*k + 906. Determine a(-6).
-42
Let s(d) = -d**3 + 37*d**2 + 46*d - 98. Give s(38).
206
Let j(r) = -r**2 + 213*r + 13453. Calculate j(-51).
-11
Let g(u) = 3*u**3 + 452*u**2 - 164*u - 1967. Calculate g(-151).
-4
Let j(c) = -c**3 - 10*c**2 - 28*c - 30. What is j(-6)?
-6
Let p(u) = -3*u + 129. Determine p(31).
36
Let r(o) = 6*o**2 - 92*o + 346. What is r(5)?
36
Let p(t) = 3*t**3 - 75*t**2 + 9*t - 300. What is p(25)?
-75
Let p(r) = 885*r + 2648. What is p(-3)?
-7
Let s(n) = 3*n**2 + 53*n + 17. Calculate s(-18).
35
Let q(y) = -212*y + 1677. Calculate q(8).
-19
Let a(k) = 9*k**2 - 24*k + 47. Give a(5).
152
Let f(t) = 2*t**3 - 40*t**2 + 150*t - 351. What is f(16)?
1
Let m(c) = 3*c**3 - 133*c**2 - 229*c - 43. Calculate m(46).
3
Let x(w) = 2*w**3 - 622*w**2 + 594*w + 8065. Give x(310).
5
Let z(j) = j**2 + 6*j - 20403. What is z(140)?
37
Let c(o) = -5*o**2 + 20*o + 50. Give c(-3).
-55
Let a(i) = -8*i**2 + 20*i + 47. Give a(-3).
-85
Let d(t) = -390*t + 2716. Give d(7).
-14
Let f(s) = -s**3 - 14*s**2 - 16*s - 48. Determine f(-13).
-9
Let t(j) = -8*j + 245. What is t(37)?
-51
Let d(c) = -362*c + 4110. Calculate d(11).
128
Let j(w) = -21*w**2 + 117*w - 24. Give j(5).
36
Let a(q) = 80*q + 1405. Give a(-22).
-355
Let h(w) = 28*w - 1556. Give h(55).
-16
Let z(j) = -3*j**3 - 74*j**2 + 27*j + 42. What is z(-25)?
-8
Let h(n) = -n**2 - 28*n - 117. Determine h(-6).
15
Let g(l) = -l**3 - 62*l**2 + 124*l - 257. Determine g(-64).
-1
Let w(u) = u**3 - 10*u - 22. Give w(0).
-22
Let v(r) = 18*r - 215. Calculate v(16).
73
Let t(k) = -k**3 - 19*k**2 + 22*k + 54. Give t(-20).
14
Let v(i) = -31*i + 3655. Calculate v(118).
-3
Let b(n) = 2*n**3 - 43*n**2 - 2*n - 466. Determine b(22).
-26
Let j(q) = q**3 - 269*q**2 + 280*q - 3208. Give j(268).
8
Let l(f) = 3*f**2 - 104*f - 32. What is l(34)?
-100
Let c(i) = -2*i**3 + 3*i**2 - 11. Give c(3).
-38
Let w(o) = -8*o - 142. Give w(-19).
10
Let j(m) = 17*m - 479. What is j(28)?
-3
Let b(q) = -4*q**2 - 29*q + 59.